by 5?
3
Suppose 0 - 15 = -2*h - r, r + 15 = 4*h. Suppose 2*p - a - 20 = 0, p = -h*a - 8 - 4. Calculate the remainder when 21 is divided by p.
5
Suppose 2*l = 7*l - 130. Calculate the remainder when 48 is divided by l.
22
Suppose 48 = p + 2*p. Let n(b) = b**2 + 7*b - 2. What is the remainder when p is divided by n(-8)?
4
Suppose -2*a + 12 = 2*f - 5*f, -22 = -2*a - 2*f. What is the remainder when 42 is divided by a?
6
Let c = -25 + 28. What is the remainder when 6 is divided by c?
0
Suppose -11 = -3*r - 2. Suppose 4*k = -3*u + 14, r*u - 2*k = -4*k + 22. What is the remainder when u is divided by 3?
1
Let a(w) = -4*w - 1. Let x be a(-1). Suppose 6*s + x*g = s + 67, -5*g - 47 = -3*s. Calculate the remainder when 189/s*8/3 is divided by 13.
10
Let b = -18 + 10. What is the remainder when (-81)/(-4) - (-1)/(-4) is divided by (-2 + -2)*14/b?
6
Let s = 25 - -13. What is the remainder when s is divided by 14?
10
Let s(p) = 2*p**2 - 6*p - 1. Calculate the remainder when 67 is divided by s(6).
32
Let q(w) = w**2 + 8*w - 11. Let c be q(-9). What is the remainder when ((-99)/6)/(c/4) is divided by 9?
6
Let t(v) = v**3 - 6*v**2 - 6. What is the remainder when t(7) is divided by 0 + 22 + (2 - 1)?
20
Let w(r) = -r - 1. Let o be w(-3). Calculate the remainder when (-1 + o)*1*33 is divided by 12.
9
Let f(p) = -8*p + 1. Suppose 5*k + 23 = -2. Let y(a) = 2*a**2 + 5*a + 2. Calculate the remainder when f(k) is divided by y(-4).
13
Suppose 2*k + 5 = 5*a, 13 = 2*k + 3. Suppose 0*n - m + 106 = a*n, 3*m = 4*n - 150. Suppose 0 = -3*c - 3 + n. Calculate the remainder when 20 is divided by c.
9
Suppose -7*k + 2*k = 3*p - 59, 5*p = 4*k + 49. Let c = 1 + 4. Suppose -65 = -c*y + 55. What is the remainder when y is divided by p?
11
Let y(o) = o**3 - 6*o**2 + 7*o - 7. What is the remainder when y(7) is divided by 31?
29
Let l = -1 - -1. Let a(z) = z + 15. What is the remainder when 4/(-14) - (-198)/7 is divided by a(l)?
13
Let z(v) = v**2 - 5*v - 6. Let o be z(5). Let j(i) = -i**3 - 4*i**2 + 5*i + 8. What is the remainder when j(o) is divided by 17?
16
Suppose 2*q - 4*q + 20 = 0. Let u(w) = -27*w + 4. Let x be u(-6). Calculate the remainder when 1/3 - x/(-6) is divided by q.
8
Suppose -3*j + 66 = -0*j. Let h(w) = w + 7. Let p be h(-5). What is the remainder when j is divided by 0/p + (9 - -3)?
10
Let g be 2 + 24 + (0 - -2). Let o = g - 19. Suppose 0*u - 3*u + 12 = 0. Calculate the remainder when o is divided by u.
1
Let k = -12 - -19. Suppose -n + 3*n - 50 = 0. Calculate the remainder when n is divided by k.
4
Let v = 27 - 12. Let l = -2 - 45. Let y = -18 - l. What is the remainder when y is divided by v?
14
Let f = 6 + 12. What is the remainder when f is divided by 4?
2
Let t = 109 - 63. Suppose 0 = -2*m + 5*g + t, 54 = 5*m + 4*g - 61. What is the remainder when m is divided by 4?
3
Suppose 0 = -i + 2*i. Suppose i = -8*w + 3*w + l - 14, 11 = -4*w + l. Calculate the remainder when 13 + w/3 + -2 is divided by 6.
4
Suppose -c - 15 = -29. Calculate the remainder when 25 is divided by c.
11
Suppose 2*c = -r + 26 + 11, 4*c = r - 19. Calculate the remainder when r is divided by 7.
3
Let z be (2/(-5))/(3/(-15)). Suppose z*h = 8, 0 = 5*i - i - h - 160. Calculate the remainder when i is divided by 14.
13
Suppose 4*u + 0*m - 4 = m, 4*u + 2*m + 8 = 0. Suppose 0 = -u*k - 4*k + 172. Calculate the remainder when k is divided by 11.
10
Let u = 363 + -198. Suppose q = 6*q - u. Let x(t) = -t**3 - 12*t**2 + 12*t - 4. Calculate the remainder when q is divided by x(-13).
6
Let b be (6/4)/(12/56). Suppose -4*c + b + 5 = 0. Suppose 4*t - 13 = c*t. What is the remainder when t is divided by 8?
5
Suppose -3*g + 13 = -i, -2*g = -5*g - 5*i + 43. Calculate the remainder when 47 is divided by g.
5
Let w(a) = -a**3 + 13*a**2 + 2. Let p be w(13). Suppose 3*i + p*l = -l, 3*l = i - 20. Calculate the remainder when i is divided by 1 - 3 - (-3 - 1).
1
Let m = 17 - -5. Calculate the remainder when 107 is divided by m.
19
Calculate the remainder when 7/((-7)/2) - -17 is divided by 6.
3
Let v = 146 + -135. Let k(s) = 7*s**2 + s. What is the remainder when k(2) is divided by v?
8
Let j = -71 - -381. Suppose 2*c - j = -3*c. What is the remainder when c is divided by 21?
20
Let v = 66 + -52. What is the remainder when 67 is divided by v?
11
Let t(o) = -o**3 + 6*o**2 + 7*o - 3. What is the remainder when t(6) is divided by 21?
18
Let u(w) = w + 4. Let j(r) = 5*r + 17. Let p(t) = -2*j(t) + 9*u(t). What is the remainder when 29 is divided by p(-6)?
5
Let d = 5 - -2. What is the remainder when d is divided by 5?
2
Let f be ((-32)/(-6))/((-8)/(-12)). Suppose w = f - 2. What is the remainder when 17 is divided by w?
5
Let q = 8 - 4. Suppose 2*r - 3*n + 53 = q*r, r - 2*n = 9. What is the remainder when r is divided by 5?
4
Let z(i) = -4*i**3 - i - 1. Suppose -4*l = w + 2 - 9, 8 = 2*w + 5*l. Calculate the remainder when 10 is divided by z(w).
2
Suppose -50 = 5*w - 20. Suppose -113 = -5*o + 4*x - 3*x, 69 = 3*o - x. Calculate the remainder when o is divided by 3/w*-22 + 1.
10
Suppose -4*d - 2 = -5*d, -32 = -4*a - 2*d. Calculate the remainder when a is divided by 2.
1
Let w(j) = -j**2 - 3*j - 2. Let p be w(-5). Let v = p + 25. Calculate the remainder when 50 is divided by v.
11
Let s(o) = -o**3 - 2*o**2 + 3*o + 4. Let u be s(-3). Suppose 0 = w - 2*w + u. What is the remainder when w is divided by 2?
0
Calculate the remainder when 8 is divided by 4/(-8)*(-12 + 2).
3
Let p = 48 - 33. Let d(i) be the second derivative of i**5/20 + 3*i**4/4 + 9*i**2/2 - 4*i. What is the remainder when p is divided by d(-9)?
6
Let k(s) = 4 + 3*s - 5 + 0*s. Suppose -a + 9 = -0*a. What is the remainder when k(6) is divided by a?
8
Suppose 3*v = -26 + 125. Suppose -6*j + 4*j + 42 = 0. Calculate the remainder when v is divided by 234/14 + 6/j.
16
Let v = -26 + 42. What is the remainder when 30 is divided by v?
14
Suppose -4*r - 9 = 3*c - 0, c = -5*r - 3. Let m = c + 10. What is the remainder when (3 - -1)*m/2 is divided by 8?
6
Suppose -5*m = j - 5*j + 43, 4*j - 25 = -m. Let i(o) = 2*o + 10. Calculate the remainder when 95 is divided by i(j).
23
Let c(u) = u**3 + 9*u**2 + 6*u - 7. Calculate the remainder when c(-8) is divided by 5.
4
Let u = -5 + 10. Suppose -u*b - t = -44, -2*t + 4*t = b. What is the remainder when 30 is divided by b?
6
Let l(x) = -x. Let k be l(-4). Suppose -3*z + 132 = 5*c, 4*c - 112 = -k*z + 56. Calculate the remainder when z is divided by 20.
19
Let o(x) = -x - 1. Let a be o(4). Let p(j) = j**2 + 4*j + 4. What is the remainder when 26 + (1 - (1 + 0)) is divided by p(a)?
8
Suppose -6 - 18 = -2*x. Suppose 15 = 5*i + 2*h - 144, 0 = -3*h - 9. Calculate the remainder when i is divided by x.
9
What is the remainder when 68 is divided by (-1)/(3/(-39 - 3))?
12
Let l(v) = 4*v**2 - 4. What is the remainder when l(-5) is divided by 33?
30
Calculate the remainder when 2 is divided by (-6)/(-15) - ((-48)/15)/2.
0
Let f = -6 + 13. Let g be (-1 - 5)/(2/(-7)). What is the remainder when f is divided by (-2)/7 - (-111)/g?
2
Let z(n) = n**3 - 12*n**2 + 14*n - 25. Calculate the remainder when 31 is divided by z(11).
7
Let c(w) = w**2 + 6*w - 3. Let q be c(-7). Let h(f) = 13*f**3 + f**2 - 2*f + 2. Calculate the remainder when 165/6 + (-2)/q is divided by h(1).
13
Suppose 101 = -5*r - 3*i + 315, r - 56 = -5*i. What is the remainder when r is divided by 22?
19
Let z = 113 - 107. Calculate the remainder when 9 is divided by z.
3
Suppose x - 3*c = 10, 0 = -3*x + 4*c + 17 + 18. What is the remainder when x is divided by 5?
3
Suppose -2*d = 2*l - 32 - 18, 0 = 4*d + 12. Let z = l + -10. What is the remainder when z is divided by 10?
8
Suppose 0*p + 135 = 5*p. What is the remainder when 104 is divided by p?
23
Let z = 14 + 2. Calculate the remainder when 31 is divided by z.
15
Let l(u) = u**2 + 13. Let p be l(0). Let z be 3 + 1 + -2 - -25. Let b = z - p. What is the remainder when 40 is divided by b?
12
Suppose 10 + 0 = -5*p. Let q be ((-2)/5)/(p/(-10)). Calculate the remainder when q/(-5) + 183/5 is divided by 13.
11
Let r be (-17)/(-4) - (-1)/(-4). Suppose 7*n + 3 = r*n. What is the remainder when n/((-1)/6) + 2 is divided by 3?
2
Let x(s) = 37*s - 5. Let k be x(4). Let m = k - 85. Suppose 3 - m = -5*j. What is the remainder when j is divided by 6?
5